{"id":249665,"date":"2025-12-09T16:49:30","date_gmt":"2025-12-09T15:49:30","guid":{"rendered":"https:\/\/www.musicalta.com\/project\/pinchas-adt\/"},"modified":"2026-04-23T08:16:45","modified_gmt":"2026-04-23T07:16:45","slug":"pinchas-adt","status":"publish","type":"project","link":"https:\/\/www.musicalta.com\/en\/project\/pinchas-adt\/","title":{"rendered":"Pinchas Adt"},"content":{"rendered":"<p>[et_pb_section fb_built=&#8221;1&#8243; admin_label=&#8221;section&#8221; _builder_version=&#8221;4.16&#8243; global_colors_info=&#8221;{}&#8221;][et_pb_row admin_label=&#8221;row&#8221; _builder_version=&#8221;4.16&#8243; background_size=&#8221;initial&#8221; background_position=&#8221;top_left&#8221; background_repeat=&#8221;repeat&#8221; global_colors_info=&#8221;{}&#8221;][et_pb_column type=&#8221;4_4&#8243; _builder_version=&#8221;4.16&#8243; custom_padding=&#8221;|||&#8221; global_colors_info=&#8221;{}&#8221; custom_padding__hover=&#8221;|||&#8221;][et_pb_text admin_label=&#8221;Texte&#8221; _builder_version=&#8221;4.27.4&#8243; _module_preset=&#8221;default&#8221; global_colors_info=&#8221;{}&#8221;]<\/p>\n<p><span style=\"font-weight: 400;\"><a href=\"https:\/\/www.musicalta.com\/wp-content\/uploads\/2025\/12\/Pinchas-Adt-200x300.jpg\"><img decoding=\"async\" class=\"wp-image-249658 alignright size-medium\" src=\"https:\/\/www.musicalta.com\/wp-content\/uploads\/2025\/12\/Pinchas-Adt-200x300.jpg\" alt=\"\" width=\"200\" height=\"300\" srcset=\"https:\/\/www.musicalta.com\/wp-content\/uploads\/2025\/12\/Pinchas-Adt-200x300.jpg 200w, https:\/\/www.musicalta.com\/wp-content\/uploads\/2025\/12\/Pinchas-Adt.jpg 400w\" sizes=\"(max-width: 200px) 100vw, 200px\" \/><\/a><\/span><span style=\"font-weight: 400;\">Pinchas Adt is among the most exciting musicians of his generation. Born into a family of musicians, he began playing the violin at the age of five and studied in Munich with Ingolf Turban. He completed his studies with highest distinction in the soloist programme under Albrecht-Laurent Breuninger in Karlsruhe. Further artistic guidance came from G\u00fcnter Pichler at the Escuela Superior de M\u00fasica Reina Sof\u00eda in Madrid, Gerhard Schulz in Stuttgart, Hariolf Schlichtig in Munich, and the Artemis Quartet at the Berlin University of the Arts.   <\/span><\/p>\n<p><span style=\"font-weight: 400;\">As a co-founder of the Goldmund Quartet, he performs worldwide on all five continents in the most important concert halls, including the Suntory Hall (Tokyo), the Concertgebouw (Amsterdam) and the Musikverein (Vienna). Their recordings have received critical acclaim from major international publications, and their performances are regularly broadcast by European radio stations. <\/span><\/p>\n<p><span style=\"font-weight: 400;\">The quartet has won numerous prestigious prizes, including the International Schoenfeld String Competition, the Melbourne International Chamber Music Competition and the Wigmore Hall International String Quartet Competition, and was awarded the Music Prize of the J\u00fcrgen Ponto Foundation. The ensemble performs on the \u201cPaganini Quartet\u201d Stradivari instruments, generously loaned by the Nippon Foundation.<br \/> <\/span><\/p>\n<p><span style=\"font-weight: 400;\">As a soloist, Pinchas has performed with various orchestras, including the Tokyo Symphony Orchestra. He is also active as a curator and co-founder of the Goldmund Festival. Alongside his performing career, he is active as a pedagogue: he taught violin at the University of Music and Performing Arts Munich, currently serves as Acting Professor of Violin and Chamber Music at the University of Music Karlsruhe, and gives masterclasses in Europe, Japan and the United States.  <\/span><\/p>\n<p><span style=\"font-weight: 400;\"> <\/span><\/p>\n<p>[\/et_pb_text][\/et_pb_column][\/et_pb_row][\/et_pb_section]<\/p>\n<span class=\"et_bloom_bottom_trigger\"><\/span>","protected":false},"excerpt":{"rendered":"<p>Pinchas Adt is among the most exciting musicians of his generation. Born into a family of musicians, he began playing the violin at the age of five and studied in Munich with Ingolf Turban. He completed his studies with highest distinction in the soloist programme under Albrecht-Laurent Breuninger in Karlsruhe. Further artistic guidance came from [&hellip;]<\/p>\n","protected":false},"author":61,"featured_media":249661,"comment_status":"open","ping_status":"closed","template":"","meta":{"_et_pb_use_builder":"on","_et_pb_old_content":"","_et_gb_content_width":"","footnotes":""},"project_category":[1622,363,131],"project_tag":[129,130,315,1695],"class_list":["post-249665","project","type-project","status-publish","has-post-thumbnail","hentry","project_category-ete-2026-en","project_category-academie-ete-ang","project_category-session-2-violon-en","project_tag-cours-de-violon-en","project_tag-stage-de-violon-en","project_tag-violon-en","project_tag-pinchas-adt-en"],"_links":{"self":[{"href":"https:\/\/www.musicalta.com\/en\/wp-json\/wp\/v2\/project\/249665","targetHints":{"allow":["GET"]}}],"collection":[{"href":"https:\/\/www.musicalta.com\/en\/wp-json\/wp\/v2\/project"}],"about":[{"href":"https:\/\/www.musicalta.com\/en\/wp-json\/wp\/v2\/types\/project"}],"author":[{"embeddable":true,"href":"https:\/\/www.musicalta.com\/en\/wp-json\/wp\/v2\/users\/61"}],"replies":[{"embeddable":true,"href":"https:\/\/www.musicalta.com\/en\/wp-json\/wp\/v2\/comments?post=249665"}],"version-history":[{"count":12,"href":"https:\/\/www.musicalta.com\/en\/wp-json\/wp\/v2\/project\/249665\/revisions"}],"predecessor-version":[{"id":250609,"href":"https:\/\/www.musicalta.com\/en\/wp-json\/wp\/v2\/project\/249665\/revisions\/250609"}],"wp:featuredmedia":[{"embeddable":true,"href":"https:\/\/www.musicalta.com\/en\/wp-json\/wp\/v2\/media\/249661"}],"wp:attachment":[{"href":"https:\/\/www.musicalta.com\/en\/wp-json\/wp\/v2\/media?parent=249665"}],"wp:term":[{"taxonomy":"project_category","embeddable":true,"href":"https:\/\/www.musicalta.com\/en\/wp-json\/wp\/v2\/project_category?post=249665"},{"taxonomy":"project_tag","embeddable":true,"href":"https:\/\/www.musicalta.com\/en\/wp-json\/wp\/v2\/project_tag?post=249665"}],"curies":[{"name":"wp","href":"https:\/\/api.w.org\/{rel}","templated":true}]}}

<p>[et_pb_section fb_built=&#8221;1&#8243; admin_label=&#8221;section&#8221; _builder_version=&#8221;4.16&#8243; global_colors_info=&#8221;{}&#8221;][et_pb_row admin_label=&#8221;row&#8221; _builder_version=&#8221;4.16&#8243; background_size=&#8221;initial&#8221; background_position=&#8221;top_left&#8221; background_repeat=&#8221;repeat&#8221; global_colors_info=&#8221;{}&#8221;][et_pb_column type=&#8221;4_4&#8243; _builder_version=&#8221;4.16&#8243; custom_padding=&#8221;|||&#8221; global_colors_info=&#8221;{}&#8221; custom_padding__hover=&#8221;|||&#8221;][et_pb_text admin_label=&#8221;Texte&#8221; _builder_version=&#8221;4.27.4&#8243; _module_preset=&#8221;default&#8221; global_colors_info=&#8221;{}&#8221;]</p>
<p><span style="font-weight: 400;"><a href="https://www.musicalta.com/wp-content/uploads/2025/12/Pinchas-Adt-200x300.jpg"><img decoding="async" class="wp-image-249658 alignright size-medium" src="https://www.musicalta.com/wp-content/uploads/2025/12/Pinchas-Adt-200x300.jpg" alt="" width="200" height="300" srcset="https://www.musicalta.com/wp-content/uploads/2025/12/Pinchas-Adt-200x300.jpg 200w, https://www.musicalta.com/wp-content/uploads/2025/12/Pinchas-Adt.jpg 400w" sizes="(max-width: 200px) 100vw, 200px" /></a></span><span style="font-weight: 400;">Pinchas Adt is among the most exciting musicians of his generation. Born into a family of musicians, he began playing the violin at the age of five and studied in Munich with Ingolf Turban. He completed his studies with highest distinction in the soloist programme under Albrecht-Laurent Breuninger in Karlsruhe. Further artistic guidance came from Günter Pichler at the Escuela Superior de Música Reina Sofía in Madrid, Gerhard Schulz in Stuttgart, Hariolf Schlichtig in Munich, and the Artemis Quartet at the Berlin University of the Arts.   </span></p>
<p><span style="font-weight: 400;">As a co-founder of the Goldmund Quartet, he performs worldwide on all five continents in the most important concert halls, including the Suntory Hall (Tokyo), the Concertgebouw (Amsterdam) and the Musikverein (Vienna). Their recordings have received critical acclaim from major international publications, and their performances are regularly broadcast by European radio stations. </span></p>
<p><span style="font-weight: 400;">The quartet has won numerous prestigious prizes, including the International Schoenfeld String Competition, the Melbourne International Chamber Music Competition and the Wigmore Hall International String Quartet Competition, and was awarded the Music Prize of the Jürgen Ponto Foundation. The ensemble performs on the “Paganini Quartet” Stradivari instruments, generously loaned by the Nippon Foundation.<br /> </span></p>
<p><span style="font-weight: 400;">As a soloist, Pinchas has performed with various orchestras, including the Tokyo Symphony Orchestra. He is also active as a curator and co-founder of the Goldmund Festival. Alongside his performing career, he is active as a pedagogue: he taught violin at the University of Music and Performing Arts Munich, currently serves as Acting Professor of Violin and Chamber Music at the University of Music Karlsruhe, and gives masterclasses in Europe, Japan and the United States.  </span></p>
<p><span style="font-weight: 400;"> </span></p>
<p>[/et_pb_text][/et_pb_column][/et_pb_row][/et_pb_section]</p>
<span class="et_bloom_bottom_trigger"></span>
