{"id":249638,"date":"2025-12-09T16:29:49","date_gmt":"2025-12-09T15:29:49","guid":{"rendered":"https:\/\/www.musicalta.com\/project\/sebastien-hurtaud\/"},"modified":"2026-01-15T16:14:43","modified_gmt":"2026-01-15T15:14:43","slug":"sebastien-hurtaud","status":"publish","type":"project","link":"https:\/\/www.musicalta.com\/en\/project\/sebastien-hurtaud\/","title":{"rendered":"Sebastien Hurtaud"},"content":{"rendered":"<p>[et_pb_section fb_built=&#8221;1&#8243; _builder_version=&#8221;4.27.4&#8243; _module_preset=&#8221;default&#8221; global_colors_info=&#8221;{}&#8221;][et_pb_row _builder_version=&#8221;4.27.4&#8243; _module_preset=&#8221;default&#8221; global_colors_info=&#8221;{}&#8221;][et_pb_column type=&#8221;4_4&#8243; _builder_version=&#8221;4.27.4&#8243; _module_preset=&#8221;default&#8221; global_colors_info=&#8221;{}&#8221;][et_pb_text _builder_version=&#8221;4.27.4&#8243; _module_preset=&#8221;default&#8221; global_colors_info=&#8221;{}&#8221;]<\/p>\n<p><span style=\"font-weight: 400;\"><a href=\"https:\/\/www.musicalta.com\/wp-content\/uploads\/2025\/12\/sebastien-hurtaud-200x300.png\"><img decoding=\"async\" class=\"wp-image-250080 alignright size-medium\" src=\"https:\/\/www.musicalta.com\/wp-content\/uploads\/2025\/12\/sebastien-hurtaud-200x300.png\" alt=\"\" width=\"200\" height=\"300\" srcset=\"https:\/\/www.musicalta.com\/wp-content\/uploads\/2025\/12\/sebastien-hurtaud-200x300.png 200w, https:\/\/www.musicalta.com\/wp-content\/uploads\/2025\/12\/sebastien-hurtaud.png 400w\" sizes=\"(max-width: 200px) 100vw, 200px\" \/><\/a>S\u00e9bastien Hurtaud, an internationally renowned cellist, is acclaimed as a soloist, chamber musician, and pedagogue.<\/span><\/p>\n<p><span style=\"font-weight: 400;\">His rise as a solo cellist began at La Monnaie, where he also won prizes at major international competitions (Namburg USA and Adam NZ), launching his international solo career.<\/span><\/p>\n<p><span style=\"font-weight: 400;\">In recent seasons, he has been invited to perform as a soloist, notably appearing in works such as Don Quixote by Richard Strauss with the Katowice Orchestra, Gulda\u2019s Cello Concerto at the Bratislava Philharmonic, Dvo\u0159\u00e1k\u2019s Cello Concerto with the Orchestre de Metz, and Jacques Offenbach\u2019s Military Concerto with the Orchestre National de Bretagne, among others.<\/span><\/p>\n<p><span style=\"font-weight: 400;\">Subsequently, with the support of American cellist Andr\u00e9s D\u00edaz in Dallas, Texas, S\u00e9bastien Hurtaud began teaching highly advanced young professionals, both American and international. He is regularly invited to give masterclasses at prestigious universities in the United States, New Zealand, Central America, and elsewhere.<\/span><\/p>\n<p><span style=\"font-weight: 400;\">Alongside his solo and teaching career, S\u00e9bastien Hurtaud regularly collaborates with European chamber music partners such as Slovenian violinist Lana Trotov\u0161ek, Spanish pianist Mar\u00eda Canyigueral, Dutch pianist Pieter-Jelle Deboer, and Italian pianist Bruno Canino.<\/span><\/p>\n<p><span style=\"font-weight: 400;\">In duo with his wife, concert pianist Pam\u00e9la Hurtado, he recorded the complete works for cello and piano by Paul Hindemith for the Naxos label.<\/span><\/p>\n<p><span style=\"font-weight: 400;\">He gave the Paris premiere of Ballade and Pas de Deux by composer Youli Galperine and is currently involved in the creation of new cello concertos written especially for him by Argentine and Australian composers Claudio Alsuyet and Matthew Hindson.<\/span><\/p>\n<p><span style=\"font-weight: 400;\">His recent recordings of Elgar\u2019s Cello Concerto and Gareth Farr\u2019s Chemin des Dames Concerto, as well as his participation in the latest album by composer Evgeni Galperine for ECM, have received international acclaim.<\/span><\/p>\n<p><span style=\"font-weight: 400;\">In 2024, S\u00e9bastien Hurtaud joined the faculty of the \u00c9cole Normale de Musique Alfred Cortot as Professor of Cello.<\/span><\/p>\n<p><span style=\"font-weight: 400;\">In the 2025\u201326 season, he is invited to perform in Tunisia, Chile, Korea, Australia, Malta, and elsewhere as both a soloist and chamber musician, and premiered the first concertante work for cello and orchestra by Maurice Ravel, orchestrated by composer Anthony Girard.<\/span><\/p>\n<p>[\/et_pb_text][\/et_pb_column][\/et_pb_row][\/et_pb_section]<\/p>\n<span class=\"et_bloom_bottom_trigger\"><\/span>","protected":false},"excerpt":{"rendered":"<p>S\u00e9bastien Hurtaud, an internationally renowned cellist, is acclaimed as a soloist, chamber musician, and pedagogue. His rise as a solo cellist began at La Monnaie, where he also won prizes at major international competitions (Namburg USA and Adam NZ), launching his international solo career. In recent seasons, he has been invited to perform as a [&hellip;]<\/p>\n","protected":false},"author":61,"featured_media":250083,"comment_status":"open","ping_status":"closed","template":"","meta":{"_et_pb_use_builder":"on","_et_pb_old_content":"","_et_gb_content_width":"","footnotes":""},"project_category":[1622,363,148],"project_tag":[149,151,496,1689],"class_list":["post-249638","project","type-project","status-publish","has-post-thumbnail","hentry","project_category-ete-2026-en","project_category-academie-ete-ang","project_category-session-2-violoncelle-en","project_tag-cours-de-violoncelle-en","project_tag-violoncelle-en","project_tag-stage-de-violoncelle-en","project_tag-sebastien-hurtaud-en"],"_links":{"self":[{"href":"https:\/\/www.musicalta.com\/en\/wp-json\/wp\/v2\/project\/249638","targetHints":{"allow":["GET"]}}],"collection":[{"href":"https:\/\/www.musicalta.com\/en\/wp-json\/wp\/v2\/project"}],"about":[{"href":"https:\/\/www.musicalta.com\/en\/wp-json\/wp\/v2\/types\/project"}],"author":[{"embeddable":true,"href":"https:\/\/www.musicalta.com\/en\/wp-json\/wp\/v2\/users\/61"}],"replies":[{"embeddable":true,"href":"https:\/\/www.musicalta.com\/en\/wp-json\/wp\/v2\/comments?post=249638"}],"version-history":[{"count":7,"href":"https:\/\/www.musicalta.com\/en\/wp-json\/wp\/v2\/project\/249638\/revisions"}],"predecessor-version":[{"id":250091,"href":"https:\/\/www.musicalta.com\/en\/wp-json\/wp\/v2\/project\/249638\/revisions\/250091"}],"wp:featuredmedia":[{"embeddable":true,"href":"https:\/\/www.musicalta.com\/en\/wp-json\/wp\/v2\/media\/250083"}],"wp:attachment":[{"href":"https:\/\/www.musicalta.com\/en\/wp-json\/wp\/v2\/media?parent=249638"}],"wp:term":[{"taxonomy":"project_category","embeddable":true,"href":"https:\/\/www.musicalta.com\/en\/wp-json\/wp\/v2\/project_category?post=249638"},{"taxonomy":"project_tag","embeddable":true,"href":"https:\/\/www.musicalta.com\/en\/wp-json\/wp\/v2\/project_tag?post=249638"}],"curies":[{"name":"wp","href":"https:\/\/api.w.org\/{rel}","templated":true}]}}

<p>[et_pb_section fb_built=&#8221;1&#8243; _builder_version=&#8221;4.27.4&#8243; _module_preset=&#8221;default&#8221; global_colors_info=&#8221;{}&#8221;][et_pb_row _builder_version=&#8221;4.27.4&#8243; _module_preset=&#8221;default&#8221; global_colors_info=&#8221;{}&#8221;][et_pb_column type=&#8221;4_4&#8243; _builder_version=&#8221;4.27.4&#8243; _module_preset=&#8221;default&#8221; global_colors_info=&#8221;{}&#8221;][et_pb_text _builder_version=&#8221;4.27.4&#8243; _module_preset=&#8221;default&#8221; global_colors_info=&#8221;{}&#8221;]</p>
<p><span style="font-weight: 400;"><a href="https://www.musicalta.com/wp-content/uploads/2025/12/sebastien-hurtaud-200x300.png"><img decoding="async" class="wp-image-250080 alignright size-medium" src="https://www.musicalta.com/wp-content/uploads/2025/12/sebastien-hurtaud-200x300.png" alt="" width="200" height="300" srcset="https://www.musicalta.com/wp-content/uploads/2025/12/sebastien-hurtaud-200x300.png 200w, https://www.musicalta.com/wp-content/uploads/2025/12/sebastien-hurtaud.png 400w" sizes="(max-width: 200px) 100vw, 200px" /></a>Sébastien Hurtaud, an internationally renowned cellist, is acclaimed as a soloist, chamber musician, and pedagogue.</span></p>
<p><span style="font-weight: 400;">His rise as a solo cellist began at La Monnaie, where he also won prizes at major international competitions (Namburg USA and Adam NZ), launching his international solo career.</span></p>
<p><span style="font-weight: 400;">In recent seasons, he has been invited to perform as a soloist, notably appearing in works such as Don Quixote by Richard Strauss with the Katowice Orchestra, Gulda’s Cello Concerto at the Bratislava Philharmonic, Dvořák’s Cello Concerto with the Orchestre de Metz, and Jacques Offenbach’s Military Concerto with the Orchestre National de Bretagne, among others.</span></p>
<p><span style="font-weight: 400;">Subsequently, with the support of American cellist Andrés Díaz in Dallas, Texas, Sébastien Hurtaud began teaching highly advanced young professionals, both American and international. He is regularly invited to give masterclasses at prestigious universities in the United States, New Zealand, Central America, and elsewhere.</span></p>
<p><span style="font-weight: 400;">Alongside his solo and teaching career, Sébastien Hurtaud regularly collaborates with European chamber music partners such as Slovenian violinist Lana Trotovšek, Spanish pianist María Canyigueral, Dutch pianist Pieter-Jelle Deboer, and Italian pianist Bruno Canino.</span></p>
<p><span style="font-weight: 400;">In duo with his wife, concert pianist Paméla Hurtado, he recorded the complete works for cello and piano by Paul Hindemith for the Naxos label.</span></p>
<p><span style="font-weight: 400;">He gave the Paris premiere of Ballade and Pas de Deux by composer Youli Galperine and is currently involved in the creation of new cello concertos written especially for him by Argentine and Australian composers Claudio Alsuyet and Matthew Hindson.</span></p>
<p><span style="font-weight: 400;">His recent recordings of Elgar’s Cello Concerto and Gareth Farr’s Chemin des Dames Concerto, as well as his participation in the latest album by composer Evgeni Galperine for ECM, have received international acclaim.</span></p>
<p><span style="font-weight: 400;">In 2024, Sébastien Hurtaud joined the faculty of the École Normale de Musique Alfred Cortot as Professor of Cello.</span></p>
<p><span style="font-weight: 400;">In the 2025–26 season, he is invited to perform in Tunisia, Chile, Korea, Australia, Malta, and elsewhere as both a soloist and chamber musician, and premiered the first concertante work for cello and orchestra by Maurice Ravel, orchestrated by composer Anthony Girard.</span></p>
<p>[/et_pb_text][/et_pb_column][/et_pb_row][/et_pb_section]</p>
<span class="et_bloom_bottom_trigger"></span>

<p>Sébastien Hurtaud, an internationally renowned cellist, is acclaimed as a soloist, chamber musician, and pedagogue. His rise as a solo cellist began at La Monnaie, where he also won prizes at major international competitions (Namburg USA and Adam NZ), launching his international solo career. In recent seasons, he has been invited to perform as a [&hellip;]</p>
