{"id":249003,"date":"2025-12-03T17:20:23","date_gmt":"2025-12-03T16:20:23","guid":{"rendered":"https:\/\/www.musicalta.com\/project\/pierre-nentwig\/"},"modified":"2025-12-09T13:50:43","modified_gmt":"2025-12-09T12:50:43","slug":"pierre-nentwig","status":"publish","type":"project","link":"https:\/\/www.musicalta.com\/en\/project\/pierre-nentwig\/","title":{"rendered":"Pierre Nentwig"},"content":{"rendered":"<p>[et_pb_section fb_built=&#8221;1&#8243; _builder_version=&#8221;4.27.4&#8243; _module_preset=&#8221;default&#8221; global_colors_info=&#8221;{}&#8221;][et_pb_row _builder_version=&#8221;4.27.4&#8243; _module_preset=&#8221;default&#8221; global_colors_info=&#8221;{}&#8221;][et_pb_column type=&#8221;4_4&#8243; _builder_version=&#8221;4.27.4&#8243; _module_preset=&#8221;default&#8221; global_colors_info=&#8221;{}&#8221;][et_pb_text _builder_version=&#8221;4.27.4&#8243; _module_preset=&#8221;default&#8221; global_colors_info=&#8221;{}&#8221;]<\/p>\n<p><span style=\"font-weight: 400;\"><a href=\"https:\/\/www.musicalta.com\/wp-content\/uploads\/2025\/12\/Pierre-Nentwig-200x300.jpg\"><img decoding=\"async\" class=\"wp-image-248995 alignright size-medium\" src=\"https:\/\/www.musicalta.com\/wp-content\/uploads\/2025\/12\/Pierre-Nentwig-200x300.jpg\" alt=\"\" width=\"200\" height=\"300\" srcset=\"https:\/\/www.musicalta.com\/wp-content\/uploads\/2025\/12\/Pierre-Nentwig-200x300.jpg 200w, https:\/\/www.musicalta.com\/wp-content\/uploads\/2025\/12\/Pierre-Nentwig.jpg 400w\" sizes=\"(max-width: 200px) 100vw, 200px\" \/><\/a>Pierre is a curious and eclectic musician. <\/span><\/p>\n<p><span style=\"font-weight: 400;\">A cellist, he also has extensive experience as a percussionist and chamber musician. <\/span><\/p>\n<p><span style=\"font-weight: 400;\">He holds a State Diploma, a Bachelor&#8217;s Degree in Musicology and a National Higher Diploma in Professional Music from the PESM Bourgogne. <\/span><\/p>\n<p><span style=\"font-weight: 400;\">Wishing to further his knowledge, he trained at European level and obtained a Specialised Master&#8217;s Degree in cello at the Royal Conservatory of Brussels and a Master&#8217;s Degree in Education at the IMEP in Namur. <\/span><\/p>\n<p><span style=\"font-weight: 400;\">Pierre performs regularly in various ensembles with renowned artists, demonstrating his musical eclecticism: Fazil Say, Goran Bregovic, Dhafer Youssef, Levon Minassian, Quintette de Tango.<\/span><\/p>\n<p><span style=\"font-weight: 400;\">He performs regularly with the string trio \u2018ALPHEA\u2019, which he founded. <\/span><\/p>\n<p><span style=\"font-weight: 400;\">This trio has already recorded two albums: Matriochkas (based on Russian music) and the Goldberg Variations (transcription by the ALPHEA Trio) on the Klarthe label.<\/span><\/p>\n<p>He has an international career and performs in numerous theatres and concert halls (Auditorium de Dijon, Maison de la Radio Flagey Brussels, Palais des Beaux-Arts Brussels and Charleroi, Forest National Brussels, Th\u00e9\u00e2tre Royal in Mons, Z\u00e9nith in St Etienne, Bogus\u0142aw X Hall in Szczecin, Palais Royal in Fez, Alhambra in Geneva, Ch\u00e2teau du Clos Vougeot, etc.). <\/p>\n<p>&nbsp;<\/p>\n<p><span style=\"font-weight: 400;\">Pierre divides his time between teaching and a rich artistic life. <\/span><\/p>\n<p><span style=\"font-weight: 400;\">He currently holds the position of Professor of Cello at the CRR in Marseille.<\/span><\/p>\n<p>[\/et_pb_text][\/et_pb_column][\/et_pb_row][\/et_pb_section]<\/p>\n<span class=\"et_bloom_bottom_trigger\"><\/span>","protected":false},"excerpt":{"rendered":"<p>Pierre is a curious and eclectic musician. A cellist, he also has extensive experience as a percussionist and chamber musician. He holds a State Diploma, a Bachelor&#8217;s Degree in Musicology and a National Higher Diploma in Professional Music from the PESM Bourgogne. Wishing to further his knowledge, he trained at European level and obtained a [&hellip;]<\/p>\n","protected":false},"author":61,"featured_media":248994,"comment_status":"open","ping_status":"closed","template":"","meta":{"_et_pb_use_builder":"on","_et_pb_old_content":"","_et_gb_content_width":"","footnotes":""},"project_category":[1622,363,148],"project_tag":[149,151,496,1661],"class_list":["post-249003","project","type-project","status-publish","has-post-thumbnail","hentry","project_category-ete-2026-en","project_category-academie-ete-ang","project_category-session-2-violoncelle-en","project_tag-cours-de-violoncelle-en","project_tag-violoncelle-en","project_tag-stage-de-violoncelle-en","project_tag-pierre-nentwig-en"],"_links":{"self":[{"href":"https:\/\/www.musicalta.com\/en\/wp-json\/wp\/v2\/project\/249003","targetHints":{"allow":["GET"]}}],"collection":[{"href":"https:\/\/www.musicalta.com\/en\/wp-json\/wp\/v2\/project"}],"about":[{"href":"https:\/\/www.musicalta.com\/en\/wp-json\/wp\/v2\/types\/project"}],"author":[{"embeddable":true,"href":"https:\/\/www.musicalta.com\/en\/wp-json\/wp\/v2\/users\/61"}],"replies":[{"embeddable":true,"href":"https:\/\/www.musicalta.com\/en\/wp-json\/wp\/v2\/comments?post=249003"}],"version-history":[{"count":9,"href":"https:\/\/www.musicalta.com\/en\/wp-json\/wp\/v2\/project\/249003\/revisions"}],"predecessor-version":[{"id":249373,"href":"https:\/\/www.musicalta.com\/en\/wp-json\/wp\/v2\/project\/249003\/revisions\/249373"}],"wp:featuredmedia":[{"embeddable":true,"href":"https:\/\/www.musicalta.com\/en\/wp-json\/wp\/v2\/media\/248994"}],"wp:attachment":[{"href":"https:\/\/www.musicalta.com\/en\/wp-json\/wp\/v2\/media?parent=249003"}],"wp:term":[{"taxonomy":"project_category","embeddable":true,"href":"https:\/\/www.musicalta.com\/en\/wp-json\/wp\/v2\/project_category?post=249003"},{"taxonomy":"project_tag","embeddable":true,"href":"https:\/\/www.musicalta.com\/en\/wp-json\/wp\/v2\/project_tag?post=249003"}],"curies":[{"name":"wp","href":"https:\/\/api.w.org\/{rel}","templated":true}]}}

<p>[et_pb_section fb_built=&#8221;1&#8243; _builder_version=&#8221;4.27.4&#8243; _module_preset=&#8221;default&#8221; global_colors_info=&#8221;{}&#8221;][et_pb_row _builder_version=&#8221;4.27.4&#8243; _module_preset=&#8221;default&#8221; global_colors_info=&#8221;{}&#8221;][et_pb_column type=&#8221;4_4&#8243; _builder_version=&#8221;4.27.4&#8243; _module_preset=&#8221;default&#8221; global_colors_info=&#8221;{}&#8221;][et_pb_text _builder_version=&#8221;4.27.4&#8243; _module_preset=&#8221;default&#8221; global_colors_info=&#8221;{}&#8221;]</p>
<p><span style="font-weight: 400;"><a href="https://www.musicalta.com/wp-content/uploads/2025/12/Pierre-Nentwig-200x300.jpg"><img decoding="async" class="wp-image-248995 alignright size-medium" src="https://www.musicalta.com/wp-content/uploads/2025/12/Pierre-Nentwig-200x300.jpg" alt="" width="200" height="300" srcset="https://www.musicalta.com/wp-content/uploads/2025/12/Pierre-Nentwig-200x300.jpg 200w, https://www.musicalta.com/wp-content/uploads/2025/12/Pierre-Nentwig.jpg 400w" sizes="(max-width: 200px) 100vw, 200px" /></a>Pierre is a curious and eclectic musician. </span></p>
<p><span style="font-weight: 400;">A cellist, he also has extensive experience as a percussionist and chamber musician. </span></p>
<p><span style="font-weight: 400;">He holds a State Diploma, a Bachelor&#8217;s Degree in Musicology and a National Higher Diploma in Professional Music from the PESM Bourgogne. </span></p>
<p><span style="font-weight: 400;">Wishing to further his knowledge, he trained at European level and obtained a Specialised Master&#8217;s Degree in cello at the Royal Conservatory of Brussels and a Master&#8217;s Degree in Education at the IMEP in Namur. </span></p>
<p><span style="font-weight: 400;">Pierre performs regularly in various ensembles with renowned artists, demonstrating his musical eclecticism: Fazil Say, Goran Bregovic, Dhafer Youssef, Levon Minassian, Quintette de Tango.</span></p>
<p><span style="font-weight: 400;">He performs regularly with the string trio ‘ALPHEA’, which he founded. </span></p>
<p><span style="font-weight: 400;">This trio has already recorded two albums: Matriochkas (based on Russian music) and the Goldberg Variations (transcription by the ALPHEA Trio) on the Klarthe label.</span></p>
<p>He has an international career and performs in numerous theatres and concert halls (Auditorium de Dijon, Maison de la Radio Flagey Brussels, Palais des Beaux-Arts Brussels and Charleroi, Forest National Brussels, Théâtre Royal in Mons, Zénith in St Etienne, Bogusław X Hall in Szczecin, Palais Royal in Fez, Alhambra in Geneva, Château du Clos Vougeot, etc.). </p>
<p>&nbsp;</p>
<p><span style="font-weight: 400;">Pierre divides his time between teaching and a rich artistic life. </span></p>
<p><span style="font-weight: 400;">He currently holds the position of Professor of Cello at the CRR in Marseille.</span></p>
<p>[/et_pb_text][/et_pb_column][/et_pb_row][/et_pb_section]</p>
<span class="et_bloom_bottom_trigger"></span>
