{"id":248968,"date":"2025-12-03T16:50:45","date_gmt":"2025-12-03T15:50:45","guid":{"rendered":"https:\/\/www.musicalta.com\/project\/christoph-streuli\/"},"modified":"2025-12-09T12:57:57","modified_gmt":"2025-12-09T11:57:57","slug":"christoph-streuli","status":"publish","type":"project","link":"https:\/\/www.musicalta.com\/en\/project\/christoph-streuli\/","title":{"rendered":"Christoph Streuli"},"content":{"rendered":"<p>[et_pb_section fb_built=&#8221;1&#8243; _builder_version=&#8221;4.27.4&#8243; _module_preset=&#8221;default&#8221; global_colors_info=&#8221;{}&#8221;][et_pb_row _builder_version=&#8221;4.27.4&#8243; _module_preset=&#8221;default&#8221; global_colors_info=&#8221;{}&#8221;][et_pb_column type=&#8221;4_4&#8243; _builder_version=&#8221;4.27.4&#8243; _module_preset=&#8221;default&#8221; global_colors_info=&#8221;{}&#8221;][et_pb_text _builder_version=&#8221;4.27.4&#8243; _module_preset=&#8221;default&#8221; global_colors_info=&#8221;{}&#8221;]<\/p>\n<p><span style=\"font-weight: 400;\"><a href=\"https:\/\/www.musicalta.com\/wp-content\/uploads\/2025\/12\/Christoph-Streuli.png\"><img decoding=\"async\" class=\"wp-image-248960 alignright size-medium\" src=\"https:\/\/www.musicalta.com\/wp-content\/uploads\/2025\/12\/Christoph-Streuli-200x300.png\" alt=\"\" width=\"200\" height=\"300\" srcset=\"https:\/\/www.musicalta.com\/wp-content\/uploads\/2025\/12\/Christoph-Streuli-200x300.png 200w, https:\/\/www.musicalta.com\/wp-content\/uploads\/2025\/12\/Christoph-Streuli.png 400w\" sizes=\"(max-width: 200px) 100vw, 200px\" \/><\/a>He studied at the Winterthur Conservatory with Aida Stucki, in Amsterdam with Herman Krebbers, and took master classes with Franco Gulli, Walter Levin, and the Melos Quartet. After holding positions as first violinist with the W\u00fcrttemberg Chamber Orchestra in Heilbronn and first violinist with the Concertgebouw Orchestra Amsterdam, he became a member of the Berlin Philharmonic Orchestra in 1997.<\/p>\n<p> <\/span><\/p>\n<p><span style=\"font-weight: 400;\">Together with his colleagues Adrian Oetiker and David Riniker, he founded the Feininger Trio in 2007. The trio performs at festivals and concert series such as the Prague Spring, Valencia, the Baden-Baden Festival, the Heidelberg Spring and the Berlin Philharmonic. His CD recordings have been released on the Avi Music Cologne label and, since 2022, on Deutsche Grammophon. Greek composer Konstantia Gourzi wrote the piano trio \u2018Apollon\u2019 for the ensemble, which premiered at the Eigenzeit Festival in Duisburg.   <\/span><\/p>\n<p><span style=\"font-weight: 400;\">A passionate chamber musician, he has also performed with Guy Braunstein, Leonidas Kavakos, Kolja Blacher, Yuja Wang, Julia Fischer, Claudio Bohorquez, Sunwook Kim, Bishara Harouni, \u00d6zg\u00fcr Aydan, Emmanuel Pahud, Albrecht Mayer, among others.<\/span><\/p>\n<p><span style=\"font-weight: 400;\">As a member of the Scharoun Ensemble, he has devoted himself intensively to contemporary music and has collaborated with Pierre Boulez, Thomas Ad\u00e8s, J\u00f6rg Widmann, Mathias Pintscher, among others. Thomas Ad\u00e8s and J\u00f6rg Widmann have also been his chamber music partners in projects at Carnegie Hall (Zankel Hall) in New York, the Barbican Centre in London, the Salzburg Festival and the Zermatt Festival.<br \/>A significant part of his musical activities is devoted to historical performance practice. A long-standing member of the Berliner Barock Solisten, he has played with Rainer Kussmaul, Gottfried von der Goltz, Raphael Alpermann, Kristin von der Goltz, Bernhard Forck and has received important inspiration from Reinhard Goebel.<br \/>He has always been keen to pass on his experience. He has taught courses at the Zermatt Festival from 2007 to 2014 and at Toho University in Toyama (Japan) from 2012 to 2016, among others. Since 2016, he has been teaching every July in Arosa as part of the course weeks, and he has also been invited to give a course at the Barenboim Said Academy in Berlin in 2024. <\/span><\/p>\n<p><span style=\"font-weight: 400;\">A significant part of his musical activities is devoted to historical performance practice. A long-standing member of the Berliner Barock Solisten, he has played with Rainer Kussmaul, Gottfried von der Goltz, Raphael Alpermann, Kristin von der Goltz, Bernhard Forck and has received important inspiration from Reinhard Goebel. <\/span><\/p>\n<p><span style=\"font-weight: 400;\">He has always been keen to pass on his experience. He has taught courses at the Zermatt Festival from 2007 to 2014 and at Toho University in Toyama (Japan) from 2012 to 2016, among others. Since 2016, he has been teaching every July in Arosa as part of the course weeks, and he has also been invited to give a course at the Barenboim Said Academy in Berlin in 2024.  <\/span><\/p>\n<p>&nbsp;<\/p>\n<p>[\/et_pb_text][\/et_pb_column][\/et_pb_row][\/et_pb_section]<\/p>\n<span class=\"et_bloom_bottom_trigger\"><\/span>","protected":false},"excerpt":{"rendered":"<p>He studied at the Winterthur Conservatory with Aida Stucki, in Amsterdam with Herman Krebbers, and took master classes with Franco Gulli, Walter Levin, and the Melos Quartet. After holding positions as first violinist with the W\u00fcrttemberg Chamber Orchestra in Heilbronn and first violinist with the Concertgebouw Orchestra Amsterdam, he became a member of the Berlin [&hellip;]<\/p>\n","protected":false},"author":61,"featured_media":248963,"comment_status":"open","ping_status":"closed","template":"","meta":{"_et_pb_use_builder":"on","_et_pb_old_content":"","_et_gb_content_width":"","footnotes":""},"project_category":[1622,363,131],"project_tag":[129,130,315,1659],"class_list":["post-248968","project","type-project","status-publish","has-post-thumbnail","hentry","project_category-ete-2026-en","project_category-academie-ete-ang","project_category-session-2-violon-en","project_tag-cours-de-violon-en","project_tag-stage-de-violon-en","project_tag-violon-en","project_tag-christoph-streuli-en"],"_links":{"self":[{"href":"https:\/\/www.musicalta.com\/en\/wp-json\/wp\/v2\/project\/248968","targetHints":{"allow":["GET"]}}],"collection":[{"href":"https:\/\/www.musicalta.com\/en\/wp-json\/wp\/v2\/project"}],"about":[{"href":"https:\/\/www.musicalta.com\/en\/wp-json\/wp\/v2\/types\/project"}],"author":[{"embeddable":true,"href":"https:\/\/www.musicalta.com\/en\/wp-json\/wp\/v2\/users\/61"}],"replies":[{"embeddable":true,"href":"https:\/\/www.musicalta.com\/en\/wp-json\/wp\/v2\/comments?post=248968"}],"version-history":[{"count":8,"href":"https:\/\/www.musicalta.com\/en\/wp-json\/wp\/v2\/project\/248968\/revisions"}],"predecessor-version":[{"id":249294,"href":"https:\/\/www.musicalta.com\/en\/wp-json\/wp\/v2\/project\/248968\/revisions\/249294"}],"wp:featuredmedia":[{"embeddable":true,"href":"https:\/\/www.musicalta.com\/en\/wp-json\/wp\/v2\/media\/248963"}],"wp:attachment":[{"href":"https:\/\/www.musicalta.com\/en\/wp-json\/wp\/v2\/media?parent=248968"}],"wp:term":[{"taxonomy":"project_category","embeddable":true,"href":"https:\/\/www.musicalta.com\/en\/wp-json\/wp\/v2\/project_category?post=248968"},{"taxonomy":"project_tag","embeddable":true,"href":"https:\/\/www.musicalta.com\/en\/wp-json\/wp\/v2\/project_tag?post=248968"}],"curies":[{"name":"wp","href":"https:\/\/api.w.org\/{rel}","templated":true}]}}

<p>[et_pb_section fb_built=&#8221;1&#8243; _builder_version=&#8221;4.27.4&#8243; _module_preset=&#8221;default&#8221; global_colors_info=&#8221;{}&#8221;][et_pb_row _builder_version=&#8221;4.27.4&#8243; _module_preset=&#8221;default&#8221; global_colors_info=&#8221;{}&#8221;][et_pb_column type=&#8221;4_4&#8243; _builder_version=&#8221;4.27.4&#8243; _module_preset=&#8221;default&#8221; global_colors_info=&#8221;{}&#8221;][et_pb_text _builder_version=&#8221;4.27.4&#8243; _module_preset=&#8221;default&#8221; global_colors_info=&#8221;{}&#8221;]</p>
<p><span style="font-weight: 400;"><a href="https://www.musicalta.com/wp-content/uploads/2025/12/Christoph-Streuli.png"><img decoding="async" class="wp-image-248960 alignright size-medium" src="https://www.musicalta.com/wp-content/uploads/2025/12/Christoph-Streuli-200x300.png" alt="" width="200" height="300" srcset="https://www.musicalta.com/wp-content/uploads/2025/12/Christoph-Streuli-200x300.png 200w, https://www.musicalta.com/wp-content/uploads/2025/12/Christoph-Streuli.png 400w" sizes="(max-width: 200px) 100vw, 200px" /></a>He studied at the Winterthur Conservatory with Aida Stucki, in Amsterdam with Herman Krebbers, and took master classes with Franco Gulli, Walter Levin, and the Melos Quartet. After holding positions as first violinist with the Württemberg Chamber Orchestra in Heilbronn and first violinist with the Concertgebouw Orchestra Amsterdam, he became a member of the Berlin Philharmonic Orchestra in 1997.</p>
<p> </span></p>
<p><span style="font-weight: 400;">Together with his colleagues Adrian Oetiker and David Riniker, he founded the Feininger Trio in 2007. The trio performs at festivals and concert series such as the Prague Spring, Valencia, the Baden-Baden Festival, the Heidelberg Spring and the Berlin Philharmonic. His CD recordings have been released on the Avi Music Cologne label and, since 2022, on Deutsche Grammophon. Greek composer Konstantia Gourzi wrote the piano trio ‘Apollon’ for the ensemble, which premiered at the Eigenzeit Festival in Duisburg.   </span></p>
<p><span style="font-weight: 400;">A passionate chamber musician, he has also performed with Guy Braunstein, Leonidas Kavakos, Kolja Blacher, Yuja Wang, Julia Fischer, Claudio Bohorquez, Sunwook Kim, Bishara Harouni, Özgür Aydan, Emmanuel Pahud, Albrecht Mayer, among others.</span></p>
<p><span style="font-weight: 400;">As a member of the Scharoun Ensemble, he has devoted himself intensively to contemporary music and has collaborated with Pierre Boulez, Thomas Adès, Jörg Widmann, Mathias Pintscher, among others. Thomas Adès and Jörg Widmann have also been his chamber music partners in projects at Carnegie Hall (Zankel Hall) in New York, the Barbican Centre in London, the Salzburg Festival and the Zermatt Festival.<br />A significant part of his musical activities is devoted to historical performance practice. A long-standing member of the Berliner Barock Solisten, he has played with Rainer Kussmaul, Gottfried von der Goltz, Raphael Alpermann, Kristin von der Goltz, Bernhard Forck and has received important inspiration from Reinhard Goebel.<br />He has always been keen to pass on his experience. He has taught courses at the Zermatt Festival from 2007 to 2014 and at Toho University in Toyama (Japan) from 2012 to 2016, among others. Since 2016, he has been teaching every July in Arosa as part of the course weeks, and he has also been invited to give a course at the Barenboim Said Academy in Berlin in 2024. </span></p>
<p><span style="font-weight: 400;">A significant part of his musical activities is devoted to historical performance practice. A long-standing member of the Berliner Barock Solisten, he has played with Rainer Kussmaul, Gottfried von der Goltz, Raphael Alpermann, Kristin von der Goltz, Bernhard Forck and has received important inspiration from Reinhard Goebel. </span></p>
<p><span style="font-weight: 400;">He has always been keen to pass on his experience. He has taught courses at the Zermatt Festival from 2007 to 2014 and at Toho University in Toyama (Japan) from 2012 to 2016, among others. Since 2016, he has been teaching every July in Arosa as part of the course weeks, and he has also been invited to give a course at the Barenboim Said Academy in Berlin in 2024.  </span></p>
<p>&nbsp;</p>
<p>[/et_pb_text][/et_pb_column][/et_pb_row][/et_pb_section]</p>
<span class="et_bloom_bottom_trigger"></span>

<p>He studied at the Winterthur Conservatory with Aida Stucki, in Amsterdam with Herman Krebbers, and took master classes with Franco Gulli, Walter Levin, and the Melos Quartet. After holding positions as first violinist with the Württemberg Chamber Orchestra in Heilbronn and first violinist with the Concertgebouw Orchestra Amsterdam, he became a member of the Berlin [&hellip;]</p>
