{"id":229119,"date":"2021-12-16T17:23:09","date_gmt":"2021-12-16T16:23:09","guid":{"rendered":"https:\/\/www.musicalta.com\/project\/alexandre-lory\/"},"modified":"2025-12-08T10:39:12","modified_gmt":"2025-12-08T09:39:12","slug":"alexandre-lory","status":"publish","type":"project","link":"https:\/\/www.musicalta.com\/en\/project\/alexandre-lory\/","title":{"rendered":"Alexandre Lory"},"content":{"rendered":"<p>[et_pb_section fb_built=&#8221;1&#8243; _builder_version=&#8221;4.16&#8243; _module_preset=&#8221;default&#8221; global_colors_info=&#8221;{}&#8221;][et_pb_row _builder_version=&#8221;4.16&#8243; _module_preset=&#8221;default&#8221; global_colors_info=&#8221;{}&#8221;][et_pb_column type=&#8221;4_4&#8243; _builder_version=&#8221;4.16&#8243; _module_preset=&#8221;default&#8221; global_colors_info=&#8221;{}&#8221;][et_pb_text _builder_version=&#8221;4.27.4&#8243; _module_preset=&#8221;default&#8221; global_colors_info=&#8221;{}&#8221;]<\/p>\n<p style=\"text-align: left;\"><a href=\"https:\/\/www.musicalta.com\/wp-content\/uploads\/2021\/12\/LORY-Alexandre--scaled.jpg\"><img decoding=\"async\" class=\"wp-image-245731 size-medium alignright\" src=\"https:\/\/www.musicalta.com\/wp-content\/uploads\/2021\/12\/LORY-Alexandre--200x300.jpg\" alt=\"\" width=\"200\" height=\"300\"><\/a><span style=\"font-weight: 400;\">Alexandre LORY is a multi-talented concert pianist and an artist with a deeply authentic sensibility.<\/span><\/p>\n<p><span style=\"font-weight: 400;\">After completing his musical studies at the Aix en Provence National Conservatory, he was unanimously admitted in 2011 to the National Conservatory of Music in Paris in the class of Roger Muraro and Isabelle Dubuis. He obtained his License there two years later, then his Masters in 2015. That same year, he was unanimously admitted to the Master of Chamber Music in a duet with the pianist Cl\u00e9ment Lefebvre in the class of Claire D\u00e9sert and Amy Flammer. In August 2016, they were invited to give a series of concerts as part of the residency groups of the Festival de la Roque d\u2019Anth\u00e9ron and subsequently performed at the Pr\u00e9ludes aux concerts in the great hall of the Philharmonie de Paris. Supported by the association of Friends of Young Artists Musicians, in April 2017 they went on a concert tour in Alsace, before joining the Messiaen Festival in La Meije in July.<\/span><\/p>\n<p><span style=\"font-weight: 400;\">Alexandre was admitted in September 2016 to a Performing Artist Diploma at the CNSM in Paris and was awarded the Bl\u00fcthner Prize on this occasion.<\/span><\/p>\n<p><span style=\"font-weight: 400;\">Very quickly spotted by Bernard d\u00b4Ascoli, who has been following him since 2009, Alexandre is supported by the Piano Cantabile association. He also works with pianists such as Jacques Rouvier, Konstantin Lifschitz, Alain Plan\u00e8s, Michel Dalberto, Jeffrey Swann, Jerome Rose, Louis Lortie and Matei Varga.<\/span><\/p>\n<p><span style=\"font-weight: 400;\">A laureate of the Safran Foundation, the Banque Populaire Foundation and the Soci\u00e9t\u00e9 G\u00e9n\u00e9rale Musical M\u00e9c\u00e9nat, Alexandre is also a much appreciated chamber musician.<\/span><\/p>\n<p><span style=\"font-weight: 400;\">He is invited by numerous festivals such as the Festival des Nuits Pianistiques d&#8217;Aix en Provence, the Festival des Pianissimes, the Festival des \u201cSonates d&#8217;Automne\u201d in Loches, the Thalasso Radio Classique Festival in Saint-Malo, the Festival de la Roque d&#8217;Anth\u00e9ron, the Folle Journ\u00e9e de Nantes, the \u201cAll About Piano\u201d Festival in London, the Ysa\u00ffe&#8217;s Knokke Festival in Belgium, the Kyoto International Festival, the IKIF in New York or even during the Center&#8217;s 2014 musical season French Cultural in Boston.<\/span><\/p>\n<p><span style=\"font-weight: 400;\">He regularly plays in a duo with the violinist L\u00e9o Marillier and the pianist Cl\u00e9ment Lefebvre, performs in particular with the clarinetist Florent H\u00e9au and makes a quick replacement for a concert at the Cit\u00e9 de la Musique in Paris with the cellist Ivan Karizna.<\/span><\/p>\n<p><span style=\"font-weight: 400;\">He also performs solo with different orchestras, including the Harmony Orchestra of Lecce, Symphonic Orchestra of Aix en Provence, National Chamber Music Orchestra of Moldavia, and the l\u2019Orchestre des Laur\u00e9ats du Conservatoire of Paris performing Rachmaninov&#8217;s 1st Concerto, conducted by Philippe A\u00efche.<\/span><\/p>\n<p><span style=\"font-weight: 400;\">An actor in the cultural life of his hometown during solo concerts, he also works on the &#8220;Opera dans la Rue&#8221; Project with French and Dutch lyrical artists around the great arias of the classical repertoire. The Aix Pianistic Academy entrusted him for several years with the accompaniment of Master Classes, notably those of Philippe Bary and Fran\u00e7ois Baduel on cello and J\u00e9r\u00f4me Guichard on oboe.<\/span><\/p>\n<p><span style=\"font-weight: 400;\">At the Conservatoire Sup\u00e9rieur National de Paris, he forges a musical bond with violinist L\u00e9o Marillier, which is fully expressed in their first CD &#8220;Opera Fantasies&#8221;. This one, produced in 2014 by the Independent Label Forgotten Records, publisher of rare works, is produced under the artistic direction of Alexis Galp\u00e9rine. \u200b 163 \/ 5 000 R\u00e9sultats de traduction R\u00e9sultat de traduction In July 2015, they were selected by the prestigious International Academy of Violin-Piano Duos of Lausanne supervised by Pierre Amoyal and Anne Queff\u00e9lec.<\/span><\/p>\n<p><span style=\"font-weight: 400;\">In 2017, Alexandre won the 1st Liszt Prize at the Brest International Piano Competition and the 1st Prize at the Societ\u00e0 Umanitaria International Competition in Milan. He is also one of the 2018 IKIF Artist Recognition Scholarship Award winners in New York. With a \u201cCertificat d&#8217;Aptitude\u201d diploma, he currently teaches at the Regional Conservatory of Paris and at Pole Top Teaching Artistic in Paris Boulogne-Billancourt, as well as at the CMA20 Georges Bizet in Paris.<\/span><\/p>\n<p>[\/et_pb_text][et_pb_button button_url=&#8221;https:\/\/www.alexandrelory.com\/&#8221; button_text=&#8221;Official website of Alexandre Lory&#8221; button_alignment=&#8221;center&#8221; module_class=&#8221;button-prof-offwebsite&#8221; _builder_version=&#8221;4.21.0&#8243; _module_preset=&#8221;default&#8221; global_colors_info=&#8221;{}&#8221;][\/et_pb_button][\/et_pb_column][\/et_pb_row][\/et_pb_section]<\/p>\n<span class=\"et_bloom_bottom_trigger\"><\/span>","protected":false},"excerpt":{"rendered":"<p>Alexandre LORY is a multi-talented concert pianist and an artist with a deeply authentic sensibility. After completing his musical studies at the Aix en Provence National Conservatory, he was unanimously admitted in 2011 to the National Conservatory of Music in Paris in the class of Roger Muraro and Isabelle Dubuis. He obtained his License there [&hellip;]<\/p>\n","protected":false},"author":3,"featured_media":229030,"comment_status":"open","ping_status":"closed","template":"","meta":{"_et_pb_use_builder":"on","_et_pb_old_content":"","_et_gb_content_width":"","footnotes":""},"project_category":[1307,1622,363,1356,1452,132],"project_tag":[240,1317],"class_list":["post-229119","project","type-project","status-publish","has-post-thumbnail","hentry","project_category-ete-2023-ang","project_category-ete-2026-en","project_category-academie-ete-ang","project_category-ete-2024-ang","project_category-ete-2025-ang","project_category-session-2-piano-en","project_tag-piano-en","project_tag-lory-en"],"_links":{"self":[{"href":"https:\/\/www.musicalta.com\/en\/wp-json\/wp\/v2\/project\/229119","targetHints":{"allow":["GET"]}}],"collection":[{"href":"https:\/\/www.musicalta.com\/en\/wp-json\/wp\/v2\/project"}],"about":[{"href":"https:\/\/www.musicalta.com\/en\/wp-json\/wp\/v2\/types\/project"}],"author":[{"embeddable":true,"href":"https:\/\/www.musicalta.com\/en\/wp-json\/wp\/v2\/users\/3"}],"replies":[{"embeddable":true,"href":"https:\/\/www.musicalta.com\/en\/wp-json\/wp\/v2\/comments?post=229119"}],"version-history":[{"count":40,"href":"https:\/\/www.musicalta.com\/en\/wp-json\/wp\/v2\/project\/229119\/revisions"}],"predecessor-version":[{"id":249080,"href":"https:\/\/www.musicalta.com\/en\/wp-json\/wp\/v2\/project\/229119\/revisions\/249080"}],"wp:featuredmedia":[{"embeddable":true,"href":"https:\/\/www.musicalta.com\/en\/wp-json\/wp\/v2\/media\/229030"}],"wp:attachment":[{"href":"https:\/\/www.musicalta.com\/en\/wp-json\/wp\/v2\/media?parent=229119"}],"wp:term":[{"taxonomy":"project_category","embeddable":true,"href":"https:\/\/www.musicalta.com\/en\/wp-json\/wp\/v2\/project_category?post=229119"},{"taxonomy":"project_tag","embeddable":true,"href":"https:\/\/www.musicalta.com\/en\/wp-json\/wp\/v2\/project_tag?post=229119"}],"curies":[{"name":"wp","href":"https:\/\/api.w.org\/{rel}","templated":true}]}}

<p>[et_pb_section fb_built=&#8221;1&#8243; _builder_version=&#8221;4.16&#8243; _module_preset=&#8221;default&#8221; global_colors_info=&#8221;{}&#8221;][et_pb_row _builder_version=&#8221;4.16&#8243; _module_preset=&#8221;default&#8221; global_colors_info=&#8221;{}&#8221;][et_pb_column type=&#8221;4_4&#8243; _builder_version=&#8221;4.16&#8243; _module_preset=&#8221;default&#8221; global_colors_info=&#8221;{}&#8221;][et_pb_text _builder_version=&#8221;4.27.4&#8243; _module_preset=&#8221;default&#8221; global_colors_info=&#8221;{}&#8221;]</p>
<p style="text-align: left;"><a href="https://www.musicalta.com/wp-content/uploads/2021/12/LORY-Alexandre--scaled.jpg"><img decoding="async" class="wp-image-245731 size-medium alignright" src="https://www.musicalta.com/wp-content/uploads/2021/12/LORY-Alexandre--200x300.jpg" alt="" width="200" height="300"></a><span style="font-weight: 400;">Alexandre LORY is a multi-talented concert pianist and an artist with a deeply authentic sensibility.</span></p>
<p><span style="font-weight: 400;">After completing his musical studies at the Aix en Provence National Conservatory, he was unanimously admitted in 2011 to the National Conservatory of Music in Paris in the class of Roger Muraro and Isabelle Dubuis. He obtained his License there two years later, then his Masters in 2015. That same year, he was unanimously admitted to the Master of Chamber Music in a duet with the pianist Clément Lefebvre in the class of Claire Désert and Amy Flammer. In August 2016, they were invited to give a series of concerts as part of the residency groups of the Festival de la Roque d’Anthéron and subsequently performed at the Préludes aux concerts in the great hall of the Philharmonie de Paris. Supported by the association of Friends of Young Artists Musicians, in April 2017 they went on a concert tour in Alsace, before joining the Messiaen Festival in La Meije in July.</span></p>
<p><span style="font-weight: 400;">Alexandre was admitted in September 2016 to a Performing Artist Diploma at the CNSM in Paris and was awarded the Blüthner Prize on this occasion.</span></p>
<p><span style="font-weight: 400;">Very quickly spotted by Bernard d´Ascoli, who has been following him since 2009, Alexandre is supported by the Piano Cantabile association. He also works with pianists such as Jacques Rouvier, Konstantin Lifschitz, Alain Planès, Michel Dalberto, Jeffrey Swann, Jerome Rose, Louis Lortie and Matei Varga.</span></p>
<p><span style="font-weight: 400;">A laureate of the Safran Foundation, the Banque Populaire Foundation and the Société Générale Musical Mécénat, Alexandre is also a much appreciated chamber musician.</span></p>
<p><span style="font-weight: 400;">He is invited by numerous festivals such as the Festival des Nuits Pianistiques d&#8217;Aix en Provence, the Festival des Pianissimes, the Festival des “Sonates d&#8217;Automne” in Loches, the Thalasso Radio Classique Festival in Saint-Malo, the Festival de la Roque d&#8217;Anthéron, the Folle Journée de Nantes, the “All About Piano” Festival in London, the Ysaÿe&#8217;s Knokke Festival in Belgium, the Kyoto International Festival, the IKIF in New York or even during the Center&#8217;s 2014 musical season French Cultural in Boston.</span></p>
<p><span style="font-weight: 400;">He regularly plays in a duo with the violinist Léo Marillier and the pianist Clément Lefebvre, performs in particular with the clarinetist Florent Héau and makes a quick replacement for a concert at the Cité de la Musique in Paris with the cellist Ivan Karizna.</span></p>
<p><span style="font-weight: 400;">He also performs solo with different orchestras, including the Harmony Orchestra of Lecce, Symphonic Orchestra of Aix en Provence, National Chamber Music Orchestra of Moldavia, and the l’Orchestre des Lauréats du Conservatoire of Paris performing Rachmaninov&#8217;s 1st Concerto, conducted by Philippe Aïche.</span></p>
<p><span style="font-weight: 400;">An actor in the cultural life of his hometown during solo concerts, he also works on the &#8220;Opera dans la Rue&#8221; Project with French and Dutch lyrical artists around the great arias of the classical repertoire. The Aix Pianistic Academy entrusted him for several years with the accompaniment of Master Classes, notably those of Philippe Bary and François Baduel on cello and Jérôme Guichard on oboe.</span></p>
<p><span style="font-weight: 400;">At the Conservatoire Supérieur National de Paris, he forges a musical bond with violinist Léo Marillier, which is fully expressed in their first CD &#8220;Opera Fantasies&#8221;. This one, produced in 2014 by the Independent Label Forgotten Records, publisher of rare works, is produced under the artistic direction of Alexis Galpérine. ​ 163 / 5 000 Résultats de traduction Résultat de traduction In July 2015, they were selected by the prestigious International Academy of Violin-Piano Duos of Lausanne supervised by Pierre Amoyal and Anne Queffélec.</span></p>
<p><span style="font-weight: 400;">In 2017, Alexandre won the 1st Liszt Prize at the Brest International Piano Competition and the 1st Prize at the Società Umanitaria International Competition in Milan. He is also one of the 2018 IKIF Artist Recognition Scholarship Award winners in New York. With a “Certificat d&#8217;Aptitude” diploma, he currently teaches at the Regional Conservatory of Paris and at Pole Top Teaching Artistic in Paris Boulogne-Billancourt, as well as at the CMA20 Georges Bizet in Paris.</span></p>
<p>[/et_pb_text][et_pb_button button_url=&#8221;https://www.alexandrelory.com/&#8221; button_text=&#8221;Official website of Alexandre Lory&#8221; button_alignment=&#8221;center&#8221; module_class=&#8221;button-prof-offwebsite&#8221; _builder_version=&#8221;4.21.0&#8243; _module_preset=&#8221;default&#8221; global_colors_info=&#8221;{}&#8221;][/et_pb_button][/et_pb_column][/et_pb_row][/et_pb_section]</p>
<span class="et_bloom_bottom_trigger"></span>
