{"id":1719,"date":"2015-12-07T19:06:42","date_gmt":"2015-12-07T18:06:42","guid":{"rendered":"http:\/\/www.musicalta.com\/project\/marie-therese-keller\/?lang=en"},"modified":"2025-12-08T10:34:24","modified_gmt":"2025-12-08T09:34:24","slug":"marie-therese-keller","status":"publish","type":"project","link":"https:\/\/www.musicalta.com\/en\/project\/marie-therese-keller\/","title":{"rendered":"Marie-Th\u00e9r\u00e8se Keller"},"content":{"rendered":"<p>[et_pb_section fb_built=&#8221;1&#8243; _builder_version=&#8221;4.16&#8243; _module_preset=&#8221;default&#8221; global_colors_info=&#8221;{}&#8221;][et_pb_row admin_label=&#8221;Ligne&#8221; _builder_version=&#8221;4.16&#8243; global_colors_info=&#8221;{}&#8221;][et_pb_column type=&#8221;4_4&#8243; _builder_version=&#8221;4.16&#8243; custom_padding=&#8221;|||&#8221; global_colors_info=&#8221;{}&#8221; custom_padding__hover=&#8221;|||&#8221;][et_pb_text _builder_version=&#8221;4.27.4&#8243; background_size=&#8221;initial&#8221; background_position=&#8221;top_left&#8221; background_repeat=&#8221;repeat&#8221; text_orientation=&#8221;justified&#8221; hover_enabled=&#8221;0&#8243; use_border_color=&#8221;off&#8221; global_colors_info=&#8221;{}&#8221; sticky_enabled=&#8221;0&#8243;]<\/p>\n<p><em><strong><a href=\"\/\/www.musicalta.com\/wp-content\/uploads\/2015\/12\/Keller-Marie-Th%C3%A9r%C3%A8se.jpg\"><img decoding=\"async\" class=\"size-medium wp-image-35091 alignright\" src=\"https:\/\/www.musicalta.com\/wp-content\/uploads\/2015\/12\/Marie-Therese-Keller-200x300.jpg\" alt=\"\" width=\"200\" height=\"300\" srcset=\"https:\/\/www.musicalta.com\/wp-content\/uploads\/2015\/12\/Marie-Therese-Keller-200x300.jpg 200w, https:\/\/www.musicalta.com\/wp-content\/uploads\/2015\/12\/Marie-Therese-Keller.jpg 400w\" sizes=\"(max-width: 200px) 100vw, 200px\" \/><\/a><\/strong><\/em>Mezzo-Soprano<\/p>\n<p>Marie-Th\u00e9r\u00e8se Keller began her vocal studies at Strasbourg National Conservatory where she obtained a first singing prize, a first prize of Lyric Art and a Baroque Chamber Music prize. At the same time, she also study English and German at Strasbourg University. She later joined the School of Paris Opera, where she is a student of Hans Hotter and Denise Dupleix. During this period, she participates in many shows at Paris Opera, also Paris \u201cOp\u00e9ra Comique\u201d, and in various French and foreign theaters.<\/p>\n<p>Among the many roles of Maria Theresa Keller, mention should be made about Conception (L&#8217;Heure Espagnole) she has in particular interpreted in Toulouse (conduct. Michel Plasson) at \u201cOp\u00e9ra Comique\u201d and at the \u201cTh\u00e9\u00e2tre des Champs Elys\u00e9es\u201d, Nicklausse (The Tales of Hoffmann), Zerlina (Don Giovanni), Siebel (Gounod&#8217;s Faust), the title role of Mignon by Ambroise Thomas, Cherubino (Le Nozze di Figaro), Prince Orlofsky (Die Fledermaus), Dryade (Ariadne auf Naxos) Mallika (Lakm\u00e9) with Natalie Dessay, Tisbe (Cenerentola), Dorabella (Cosi fan tutte) and Marie of the Incarnation (Dialogues of the Carmelites). She regularly works with prestigious conductors such as Michel Plasson, Armin Jordan, Marek Janowski, Alain Lombard, Paul Ethuin, or Simon Rattle. She is regularly invited by the Paris Bastille Opera, where she participated in productions Kabanova Katia, The Queen of Spades, Adrienne Lecouvreur, Madame Butterfly and Lucia di Lammermoor.<\/p>\n<p>She has participated in the production of Massenet&#8217;s Virgin Festival in Saint Etienne, production gave rise to a record and it was a great success in The Italian Straw Hat by Nino Rota at the Op\u00e9ra de Nice.<\/p>\n<p>She was invited at the \u201cTh\u00e9\u00e2tre du Ch\u00e2telet\u201d for the role of Jenufa by Janacek and for the creation of the 60th Parallel composed by Philippe Manoury. She then played the role of Annius in \u201cLa Clemenza di Tito\u201d in Rennes and that of Lucretia in Britten&#8217;s The Rape of Lucretia at the Grand Th\u00e9\u00e2tre in Tours. She was invited by the Lyon Opera where she performed, among others, the role of Concepcion in \u201cL&#8217;Heure Espagnole\u201d. In Nancy, she participated in the world premiere of \u201cUn Tango pour Monsieur Lautrec\u201d from George Zulueta and interprets the role of the cook in \u201cLe Rossignol\u201d by Stravinsky in Rouen Arts Theater.<\/p>\n<p>She sang for the first time and very successfully Charlotte in Werther at the Op\u00e9ra of Metz, \u201cGenevi\u00e8ve\u201d in \u201cPell\u00e9as et M\u00e9lisande\u201d at the Op\u00e9ra of Rennes and at the \u201cTeatro Comunale\u201d of Ferrara (conduct. Marc Minkowski), Jenufa in Nancy Opera, \u201cVeronique\u201d from Messager at the Op\u00e9ra in Lausanne, \u201cJuliette or the key of dreams\u201d from Martinu at Paris Opera and the title role of La Belle H\u00e9l\u00e8ne at the \u201cGrand Th\u00e9\u00e2tre\u201d in Tours. She performed Verdi&#8217;s Requiem at the Paris Mogador Theater and the title role of Carmen at the Baalbek Festival, the Third Lady in The Magic Flute at Marseille Opera, Diane in The Adventures of King Pausole at the \u201cOp\u00e9ra Comique\u201d and Flora in the Traviata at the Op\u00e9ra Bastille &#8230; In June 2009, she was Madame d&#8217;Epinay in Mozart from Reynaldo Hanh at the Spoleto Festival, in the staging of Luigi Pizzi and she participated in recording the C\u0153ur du Moulin from D\u00e9odat S\u00e9verac, with the Symphonic Orchestra in Tours (cond. J.-Y. Ossonce), which has won several awards, including the french Diapason d&#8217;Or.<\/p>\n<p>In 2010 at the Op\u00e9ra Bastille, Marie-Th\u00e9r\u00e8se Keller sang The Triptych from Puccini (Suor Angelica and Gianni Schicchi), under the conducting of Philippe Jordan, also in &#8220;Lulu&#8221; and in The Bartered Bride at the Paris \u201cOp\u00e9ra Garnier\u201d where she also gave a recital for &#8220;Young Audience&#8221;.<\/p>\n<p>Marie-Th\u00e9r\u00e8se Keller gives numerous recitals of melodies and Lieder. She was the interpreter of the Song of the Earth under the conducting of Cyril Dietrich at Filature Hall in Mulhouse, and the Quercy Saint-C\u00e9r\u00e9 Festival.<\/p>\n<p>Marie-Th\u00e9r\u00e8se Keller is a singing teacher at the Ecole Normale de Musique in Paris.<\/p>\n<p>She also taught at the Montb\u00e9liard Conservatory (2012-2019). At the same time, Marie-Th\u00e9r\u00e8se Keller taught \u201cThe physical work of the singer\u201d and diction at the Opera Studio of the Op\u00e9ra du Rhin (2007-2018). Since 2017, she has taken part every year in masterclasses at the Kyoto French Institute , as part of the Acad\u00e9mie de musique fran\u00e7aise.<\/p>\n<p>She regularly gives Singing Masterclass in France and abroad.<\/p>\n<p>[\/et_pb_text][\/et_pb_column][\/et_pb_row][\/et_pb_section]<\/p>\n<span class=\"et_bloom_bottom_trigger\"><\/span>","protected":false},"excerpt":{"rendered":"<p>Mezzo-Soprano Marie-Th\u00e9r\u00e8se Keller began her vocal studies at Strasbourg National Conservatory where she obtained a first singing prize, a first prize of Lyric Art and a Baroque Chamber Music prize. At the same time, she also study English and German at Strasbourg University. She later joined the School of Paris Opera, where she is a [&hellip;]<\/p>\n","protected":false},"author":3,"featured_media":35090,"comment_status":"open","ping_status":"closed","template":"","meta":{"_et_pb_use_builder":"on","_et_pb_old_content":"","_et_gb_content_width":"","footnotes":""},"project_category":[1307,1622,1356,363,1452,362,1011,856,722,570,357,380,483,164],"project_tag":[153,154,409,1510],"class_list":["post-1719","project","type-project","status-publish","has-post-thumbnail","hentry","project_category-ete-2023-ang","project_category-ete-2026-en","project_category-ete-2024-ang","project_category-academie-ete-ang","project_category-ete-2025-ang","project_category-aca-lyon-2016","project_category-ete-2022-ang-en","project_category-ete-2021-ang","project_category-ete-2020-en","project_category-ete-2019-ang","project_category-aca-ete-2016","project_category-ete-2017-en","project_category-ete-2018-en","project_category-session-1-chant-en","project_tag-cours-chant-en","project_tag-stage-chant-en","project_tag-chant-en","project_tag-marie-therese-keller-en"],"_links":{"self":[{"href":"https:\/\/www.musicalta.com\/en\/wp-json\/wp\/v2\/project\/1719","targetHints":{"allow":["GET"]}}],"collection":[{"href":"https:\/\/www.musicalta.com\/en\/wp-json\/wp\/v2\/project"}],"about":[{"href":"https:\/\/www.musicalta.com\/en\/wp-json\/wp\/v2\/types\/project"}],"author":[{"embeddable":true,"href":"https:\/\/www.musicalta.com\/en\/wp-json\/wp\/v2\/users\/3"}],"replies":[{"embeddable":true,"href":"https:\/\/www.musicalta.com\/en\/wp-json\/wp\/v2\/comments?post=1719"}],"version-history":[{"count":48,"href":"https:\/\/www.musicalta.com\/en\/wp-json\/wp\/v2\/project\/1719\/revisions"}],"predecessor-version":[{"id":249071,"href":"https:\/\/www.musicalta.com\/en\/wp-json\/wp\/v2\/project\/1719\/revisions\/249071"}],"wp:featuredmedia":[{"embeddable":true,"href":"https:\/\/www.musicalta.com\/en\/wp-json\/wp\/v2\/media\/35090"}],"wp:attachment":[{"href":"https:\/\/www.musicalta.com\/en\/wp-json\/wp\/v2\/media?parent=1719"}],"wp:term":[{"taxonomy":"project_category","embeddable":true,"href":"https:\/\/www.musicalta.com\/en\/wp-json\/wp\/v2\/project_category?post=1719"},{"taxonomy":"project_tag","embeddable":true,"href":"https:\/\/www.musicalta.com\/en\/wp-json\/wp\/v2\/project_tag?post=1719"}],"curies":[{"name":"wp","href":"https:\/\/api.w.org\/{rel}","templated":true}]}}

Marie-Thérèse Keller

<p>[et_pb_section fb_built=&#8221;1&#8243; _builder_version=&#8221;4.16&#8243; _module_preset=&#8221;default&#8221; global_colors_info=&#8221;{}&#8221;][et_pb_row admin_label=&#8221;Ligne&#8221; _builder_version=&#8221;4.16&#8243; global_colors_info=&#8221;{}&#8221;][et_pb_column type=&#8221;4_4&#8243; _builder_version=&#8221;4.16&#8243; custom_padding=&#8221;|||&#8221; global_colors_info=&#8221;{}&#8221; custom_padding__hover=&#8221;|||&#8221;][et_pb_text _builder_version=&#8221;4.27.4&#8243; background_size=&#8221;initial&#8221; background_position=&#8221;top_left&#8221; background_repeat=&#8221;repeat&#8221; text_orientation=&#8221;justified&#8221; hover_enabled=&#8221;0&#8243; use_border_color=&#8221;off&#8221; global_colors_info=&#8221;{}&#8221; sticky_enabled=&#8221;0&#8243;]</p>
<p><em><strong><a href="//www.musicalta.com/wp-content/uploads/2015/12/Keller-Marie-Th%C3%A9r%C3%A8se.jpg"><img decoding="async" class="size-medium wp-image-35091 alignright" src="https://www.musicalta.com/wp-content/uploads/2015/12/Marie-Therese-Keller-200x300.jpg" alt="" width="200" height="300" srcset="https://www.musicalta.com/wp-content/uploads/2015/12/Marie-Therese-Keller-200x300.jpg 200w, https://www.musicalta.com/wp-content/uploads/2015/12/Marie-Therese-Keller.jpg 400w" sizes="(max-width: 200px) 100vw, 200px" /></a></strong></em>Mezzo-Soprano</p>
<p>Marie-Thérèse Keller began her vocal studies at Strasbourg National Conservatory where she obtained a first singing prize, a first prize of Lyric Art and a Baroque Chamber Music prize. At the same time, she also study English and German at Strasbourg University. She later joined the School of Paris Opera, where she is a student of Hans Hotter and Denise Dupleix. During this period, she participates in many shows at Paris Opera, also Paris “Opéra Comique”, and in various French and foreign theaters.</p>
<p>Among the many roles of Maria Theresa Keller, mention should be made about Conception (L&#8217;Heure Espagnole) she has in particular interpreted in Toulouse (conduct. Michel Plasson) at “Opéra Comique” and at the “Théâtre des Champs Elysées”, Nicklausse (The Tales of Hoffmann), Zerlina (Don Giovanni), Siebel (Gounod&#8217;s Faust), the title role of Mignon by Ambroise Thomas, Cherubino (Le Nozze di Figaro), Prince Orlofsky (Die Fledermaus), Dryade (Ariadne auf Naxos) Mallika (Lakmé) with Natalie Dessay, Tisbe (Cenerentola), Dorabella (Cosi fan tutte) and Marie of the Incarnation (Dialogues of the Carmelites). She regularly works with prestigious conductors such as Michel Plasson, Armin Jordan, Marek Janowski, Alain Lombard, Paul Ethuin, or Simon Rattle. She is regularly invited by the Paris Bastille Opera, where she participated in productions Kabanova Katia, The Queen of Spades, Adrienne Lecouvreur, Madame Butterfly and Lucia di Lammermoor.</p>
<p>She has participated in the production of Massenet&#8217;s Virgin Festival in Saint Etienne, production gave rise to a record and it was a great success in The Italian Straw Hat by Nino Rota at the Opéra de Nice.</p>
<p>She was invited at the “Théâtre du Châtelet” for the role of Jenufa by Janacek and for the creation of the 60th Parallel composed by Philippe Manoury. She then played the role of Annius in “La Clemenza di Tito” in Rennes and that of Lucretia in Britten&#8217;s The Rape of Lucretia at the Grand Théâtre in Tours. She was invited by the Lyon Opera where she performed, among others, the role of Concepcion in “L&#8217;Heure Espagnole”. In Nancy, she participated in the world premiere of “Un Tango pour Monsieur Lautrec” from George Zulueta and interprets the role of the cook in “Le Rossignol” by Stravinsky in Rouen Arts Theater.</p>
<p>She sang for the first time and very successfully Charlotte in Werther at the Opéra of Metz, “Geneviève” in “Pelléas et Mélisande” at the Opéra of Rennes and at the “Teatro Comunale” of Ferrara (conduct. Marc Minkowski), Jenufa in Nancy Opera, “Veronique” from Messager at the Opéra in Lausanne, “Juliette or the key of dreams” from Martinu at Paris Opera and the title role of La Belle Hélène at the “Grand Théâtre” in Tours. She performed Verdi&#8217;s Requiem at the Paris Mogador Theater and the title role of Carmen at the Baalbek Festival, the Third Lady in The Magic Flute at Marseille Opera, Diane in The Adventures of King Pausole at the “Opéra Comique” and Flora in the Traviata at the Opéra Bastille &#8230; In June 2009, she was Madame d&#8217;Epinay in Mozart from Reynaldo Hanh at the Spoleto Festival, in the staging of Luigi Pizzi and she participated in recording the Cœur du Moulin from Déodat Séverac, with the Symphonic Orchestra in Tours (cond. J.-Y. Ossonce), which has won several awards, including the french Diapason d&#8217;Or.</p>
<p>In 2010 at the Opéra Bastille, Marie-Thérèse Keller sang The Triptych from Puccini (Suor Angelica and Gianni Schicchi), under the conducting of Philippe Jordan, also in &#8220;Lulu&#8221; and in The Bartered Bride at the Paris “Opéra Garnier” where she also gave a recital for &#8220;Young Audience&#8221;.</p>
<p>Marie-Thérèse Keller gives numerous recitals of melodies and Lieder. She was the interpreter of the Song of the Earth under the conducting of Cyril Dietrich at Filature Hall in Mulhouse, and the Quercy Saint-Céré Festival.</p>
<p>Marie-Thérèse Keller is a singing teacher at the Ecole Normale de Musique in Paris.</p>
<p>She also taught at the Montbéliard Conservatory (2012-2019). At the same time, Marie-Thérèse Keller taught “The physical work of the singer” and diction at the Opera Studio of the Opéra du Rhin (2007-2018). Since 2017, she has taken part every year in masterclasses at the Kyoto French Institute , as part of the Académie de musique française.</p>
<p>She regularly gives Singing Masterclass in France and abroad.</p>
<p>[/et_pb_text][/et_pb_column][/et_pb_row][/et_pb_section]</p>
<span class="et_bloom_bottom_trigger"></span>

<p>Mezzo-Soprano Marie-Thérèse Keller began her vocal studies at Strasbourg National Conservatory where she obtained a first singing prize, a first prize of Lyric Art and a Baroque Chamber Music prize. At the same time, she also study English and German at Strasbourg University. She later joined the School of Paris Opera, where she is a [&hellip;]</p>
