{"id":1717,"date":"2015-12-07T18:00:39","date_gmt":"2015-12-07T17:00:39","guid":{"rendered":"http:\/\/www.musicalta.com\/project\/reto-kuppel\/?lang=en"},"modified":"2025-12-10T15:17:01","modified_gmt":"2025-12-10T14:17:01","slug":"reto-kuppel","status":"publish","type":"project","link":"https:\/\/www.musicalta.com\/en\/project\/reto-kuppel\/","title":{"rendered":"Reto Kuppel"},"content":{"rendered":"<p>[et_pb_section fb_built=&#8221;1&#8243; _builder_version=&#8221;4.16&#8243; _module_preset=&#8221;default&#8221; global_colors_info=&#8221;{}&#8221;][et_pb_row admin_label=&#8221;Ligne&#8221; _builder_version=&#8221;4.16&#8243; global_colors_info=&#8221;{}&#8221;][et_pb_column type=&#8221;4_4&#8243; _builder_version=&#8221;4.16&#8243; custom_padding=&#8221;|||&#8221; global_colors_info=&#8221;{}&#8221; custom_padding__hover=&#8221;|||&#8221;][et_pb_text admin_label=&#8221;Texte&#8221; _builder_version=&#8221;4.27.4&#8243; background_size=&#8221;initial&#8221; background_position=&#8221;top_left&#8221; background_repeat=&#8221;repeat&#8221; text_orientation=&#8221;justified&#8221; use_border_color=&#8221;off&#8221; border_color=&#8221;#ffffff&#8221; border_style=&#8221;solid&#8221; global_colors_info=&#8221;{}&#8221;]<\/p>\n<p><span style=\"font-weight: 400;\"><a href=\"https:\/\/www.musicalta.com\/wp-content\/uploads\/2015\/12\/Reto-Kuppel-200x300.jpg\"><img decoding=\"async\" class=\"wp-image-249814 alignright size-medium\" src=\"https:\/\/www.musicalta.com\/wp-content\/uploads\/2015\/12\/Reto-Kuppel-200x300.jpg\" alt=\"\" width=\"200\" height=\"300\" srcset=\"https:\/\/www.musicalta.com\/wp-content\/uploads\/2015\/12\/Reto-Kuppel-200x300.jpg 200w, https:\/\/www.musicalta.com\/wp-content\/uploads\/2015\/12\/Reto-Kuppel.jpg 400w\" sizes=\"(max-width: 200px) 100vw, 200px\" \/><\/a>German violinist Reto Kuppel has performed throughout Europe and the United States, notably at the Concertgebouw in Amsterdam, the Herkulessaal and Gasteig Cultural Center in Munich, and Avery Fisher Hall in New York. He has performed as a soloist with numerous orchestras, including the Hamburg Symphony Orchestra, the Munich Symphony Orchestra, Concertino Hamburg, the Munich Baroque Ensemble, the Augsburg Philharmonic Orchestra, and the Qatar Philharmonic Orchestra. <\/span><\/p>\n<p><span style=\"font-weight: 400;\">Reto Kuppel studied with Andreas R\u00f6hn at the Hochschule f\u00fcr Musik und Theater in Hamburg and with Dorothy Delay at the Juilliard School in New York. He studied chamber music with Ralph Gothoni, Herman Krebbers, and Felix Galimir.<\/p>\n<p>After appearing in gala concerts for the Franz-Wirth and Masefield Foundations in Hamburg and winning the International Violin Competition at Ch\u00e2teau de Courcillon, Reto Kuppel has been invited to perform at numerous festivals such as the Tonk\u00fcnstlerfest Baden-W\u00fcrttemberg, the Schleswig Holstein Music Festival, the Richard Strauss Festival, the Musicalta Music Festival, the Kissinger Sommer, the Summit Music Festival, and the Rheingau Musikfestival. <\/p>\n<p>For nearly twenty years, Reto Kuppel was principal violinist with the Bavarian Radio Symphony Orchestra. With this ensemble, he has performed in major concert halls around the world. Reto Kuppel is currently professor of violin at the Hochschule f\u00fcr Musik N\u00fcrnberg in Germany.<\/p>\n<p>Reto Kuppel performs regularly in string quartets and chamber music ensembles and has released CDs featuring virtuoso violin works from the 19th century. His recordings of works by Ludwig van Beethoven (with Amy Lin, piano), Franz Schubert, Paul and Pauline Viardot (with Wolfgang Manz, piano), Friedrich Hermann, Ferdinand David, and Henri Vieuxtemps have been acclaimed by critics and audiences alike: \u201cFrom the outset, it must be acknowledged that Reto Kuppel&#8217;s playing is absolutely sensational&#8230; Everything is played with taste and refinement. Tuning and tone are impeccable.\u201d (musicweb-international.com)<br \/> <\/span><\/p>\n<p><span style=\"font-weight: 400;\">After appearing in gala concerts for the Franz-Wirth and Masefield Foundations in Hamburg and winning the International Violin Competition at Ch\u00e2teau de Courcillon, Reto Kuppel has been invited to perform at numerous festivals such as the Tonk\u00fcnstlerfest Baden-W\u00fcrttemberg, the Schleswig Holstein Music Festival, the Richard Strauss Festival, the Musicalta Music Festival, the Kissinger Sommer, the Summit Music Festival, and the Rheingau Musikfestival. <\/span><\/p>\n<p><span style=\"font-weight: 400;\">For nearly twenty years, Reto Kuppel was principal violinist with the Bavarian Radio Symphony Orchestra. With this ensemble, he has performed in major concert halls around the world.  <\/span><\/p>\n<p><span style=\"font-weight: 400;\">Reto Kuppel is currently professor of violin at the Hochschule f\u00fcr Musik N\u00fcrnberg in Germany.<\/span><\/p>\n<p><span style=\"font-weight: 400;\">Reto Kuppel performs regularly in string quartets and chamber music ensembles and has released CDs featuring virtuoso violin works from the 19th century. His recordings of works by Ludwig van Beethoven (with Amy Lin, piano), Franz Schubert, Paul and Pauline Viardot (with Wolfgang Manz, piano), Friedrich Hermann, Ferdinand David, and Henri Vieuxtemps have been acclaimed by critics and audiences alike: \u201c <\/span><i><span style=\"font-weight: 400;\">From the outset, it must be acknowledged that Reto Kuppel&#8217;s playing is absolutely sensational&#8230; Everything is played with taste and refinement. Tuning and tone are impeccable.\u201d (musicweb-international.com)  <\/span><\/i><span style=\"font-weight: 400;\"> (musicweb-international.com)<\/span><\/p>\n<p>[\/et_pb_text][\/et_pb_column][\/et_pb_row][\/et_pb_section]<\/p>\n<span class=\"et_bloom_bottom_trigger\"><\/span>","protected":false},"excerpt":{"rendered":"<p>German violinist Reto Kuppel has performed throughout Europe and the United States, notably at the Concertgebouw in Amsterdam, the Herkulessaal and Gasteig Cultural Center in Munich, and Avery Fisher Hall in New York. He has performed as a soloist with numerous orchestras, including the Hamburg Symphony Orchestra, the Munich Symphony Orchestra, Concertino Hamburg, the Munich [&hellip;]<\/p>\n","protected":false},"author":3,"featured_media":29591,"comment_status":"open","ping_status":"closed","template":"","meta":{"_et_pb_use_builder":"on","_et_pb_old_content":"","_et_gb_content_width":"","footnotes":""},"project_category":[1622,363,1011,357,380,483,131],"project_tag":[129,130,1683],"class_list":["post-1717","project","type-project","status-publish","has-post-thumbnail","hentry","project_category-ete-2026-en","project_category-academie-ete-ang","project_category-ete-2022-ang-en","project_category-aca-ete-2016","project_category-ete-2017-en","project_category-ete-2018-en","project_category-session-2-violon-en","project_tag-cours-de-violon-en","project_tag-stage-de-violon-en","project_tag-reto-kuppel-en"],"_links":{"self":[{"href":"https:\/\/www.musicalta.com\/en\/wp-json\/wp\/v2\/project\/1717","targetHints":{"allow":["GET"]}}],"collection":[{"href":"https:\/\/www.musicalta.com\/en\/wp-json\/wp\/v2\/project"}],"about":[{"href":"https:\/\/www.musicalta.com\/en\/wp-json\/wp\/v2\/types\/project"}],"author":[{"embeddable":true,"href":"https:\/\/www.musicalta.com\/en\/wp-json\/wp\/v2\/users\/3"}],"replies":[{"embeddable":true,"href":"https:\/\/www.musicalta.com\/en\/wp-json\/wp\/v2\/comments?post=1717"}],"version-history":[{"count":27,"href":"https:\/\/www.musicalta.com\/en\/wp-json\/wp\/v2\/project\/1717\/revisions"}],"predecessor-version":[{"id":249825,"href":"https:\/\/www.musicalta.com\/en\/wp-json\/wp\/v2\/project\/1717\/revisions\/249825"}],"wp:featuredmedia":[{"embeddable":true,"href":"https:\/\/www.musicalta.com\/en\/wp-json\/wp\/v2\/media\/29591"}],"wp:attachment":[{"href":"https:\/\/www.musicalta.com\/en\/wp-json\/wp\/v2\/media?parent=1717"}],"wp:term":[{"taxonomy":"project_category","embeddable":true,"href":"https:\/\/www.musicalta.com\/en\/wp-json\/wp\/v2\/project_category?post=1717"},{"taxonomy":"project_tag","embeddable":true,"href":"https:\/\/www.musicalta.com\/en\/wp-json\/wp\/v2\/project_tag?post=1717"}],"curies":[{"name":"wp","href":"https:\/\/api.w.org\/{rel}","templated":true}]}}

<p>[et_pb_section fb_built=&#8221;1&#8243; _builder_version=&#8221;4.16&#8243; _module_preset=&#8221;default&#8221; global_colors_info=&#8221;{}&#8221;][et_pb_row admin_label=&#8221;Ligne&#8221; _builder_version=&#8221;4.16&#8243; global_colors_info=&#8221;{}&#8221;][et_pb_column type=&#8221;4_4&#8243; _builder_version=&#8221;4.16&#8243; custom_padding=&#8221;|||&#8221; global_colors_info=&#8221;{}&#8221; custom_padding__hover=&#8221;|||&#8221;][et_pb_text admin_label=&#8221;Texte&#8221; _builder_version=&#8221;4.27.4&#8243; background_size=&#8221;initial&#8221; background_position=&#8221;top_left&#8221; background_repeat=&#8221;repeat&#8221; text_orientation=&#8221;justified&#8221; use_border_color=&#8221;off&#8221; border_color=&#8221;#ffffff&#8221; border_style=&#8221;solid&#8221; global_colors_info=&#8221;{}&#8221;]</p>
<p><span style="font-weight: 400;"><a href="https://www.musicalta.com/wp-content/uploads/2015/12/Reto-Kuppel-200x300.jpg"><img decoding="async" class="wp-image-249814 alignright size-medium" src="https://www.musicalta.com/wp-content/uploads/2015/12/Reto-Kuppel-200x300.jpg" alt="" width="200" height="300" srcset="https://www.musicalta.com/wp-content/uploads/2015/12/Reto-Kuppel-200x300.jpg 200w, https://www.musicalta.com/wp-content/uploads/2015/12/Reto-Kuppel.jpg 400w" sizes="(max-width: 200px) 100vw, 200px" /></a>German violinist Reto Kuppel has performed throughout Europe and the United States, notably at the Concertgebouw in Amsterdam, the Herkulessaal and Gasteig Cultural Center in Munich, and Avery Fisher Hall in New York. He has performed as a soloist with numerous orchestras, including the Hamburg Symphony Orchestra, the Munich Symphony Orchestra, Concertino Hamburg, the Munich Baroque Ensemble, the Augsburg Philharmonic Orchestra, and the Qatar Philharmonic Orchestra. </span></p>
<p><span style="font-weight: 400;">Reto Kuppel studied with Andreas Röhn at the Hochschule für Musik und Theater in Hamburg and with Dorothy Delay at the Juilliard School in New York. He studied chamber music with Ralph Gothoni, Herman Krebbers, and Felix Galimir.</p>
<p>After appearing in gala concerts for the Franz-Wirth and Masefield Foundations in Hamburg and winning the International Violin Competition at Château de Courcillon, Reto Kuppel has been invited to perform at numerous festivals such as the Tonkünstlerfest Baden-Württemberg, the Schleswig Holstein Music Festival, the Richard Strauss Festival, the Musicalta Music Festival, the Kissinger Sommer, the Summit Music Festival, and the Rheingau Musikfestival. </p>
<p>For nearly twenty years, Reto Kuppel was principal violinist with the Bavarian Radio Symphony Orchestra. With this ensemble, he has performed in major concert halls around the world. Reto Kuppel is currently professor of violin at the Hochschule für Musik Nürnberg in Germany.</p>
<p>Reto Kuppel performs regularly in string quartets and chamber music ensembles and has released CDs featuring virtuoso violin works from the 19th century. His recordings of works by Ludwig van Beethoven (with Amy Lin, piano), Franz Schubert, Paul and Pauline Viardot (with Wolfgang Manz, piano), Friedrich Hermann, Ferdinand David, and Henri Vieuxtemps have been acclaimed by critics and audiences alike: “From the outset, it must be acknowledged that Reto Kuppel&#8217;s playing is absolutely sensational&#8230; Everything is played with taste and refinement. Tuning and tone are impeccable.” (musicweb-international.com)<br /> </span></p>
<p><span style="font-weight: 400;">After appearing in gala concerts for the Franz-Wirth and Masefield Foundations in Hamburg and winning the International Violin Competition at Château de Courcillon, Reto Kuppel has been invited to perform at numerous festivals such as the Tonkünstlerfest Baden-Württemberg, the Schleswig Holstein Music Festival, the Richard Strauss Festival, the Musicalta Music Festival, the Kissinger Sommer, the Summit Music Festival, and the Rheingau Musikfestival. </span></p>
<p><span style="font-weight: 400;">For nearly twenty years, Reto Kuppel was principal violinist with the Bavarian Radio Symphony Orchestra. With this ensemble, he has performed in major concert halls around the world.  </span></p>
<p><span style="font-weight: 400;">Reto Kuppel is currently professor of violin at the Hochschule für Musik Nürnberg in Germany.</span></p>
<p><span style="font-weight: 400;">Reto Kuppel performs regularly in string quartets and chamber music ensembles and has released CDs featuring virtuoso violin works from the 19th century. His recordings of works by Ludwig van Beethoven (with Amy Lin, piano), Franz Schubert, Paul and Pauline Viardot (with Wolfgang Manz, piano), Friedrich Hermann, Ferdinand David, and Henri Vieuxtemps have been acclaimed by critics and audiences alike: “ </span><i><span style="font-weight: 400;">From the outset, it must be acknowledged that Reto Kuppel&#8217;s playing is absolutely sensational&#8230; Everything is played with taste and refinement. Tuning and tone are impeccable.” (musicweb-international.com)  </span></i><span style="font-weight: 400;"> (musicweb-international.com)</span></p>
<p>[/et_pb_text][/et_pb_column][/et_pb_row][/et_pb_section]</p>
<span class="et_bloom_bottom_trigger"></span>
